ors of 11?
11
What are the prime factors of 21607?
17, 31, 41
What are the prime factors of 14687?
19, 773
List the prime factors of 866.
2, 433
List the prime factors of 18067.
7, 29, 89
List the prime factors of 42915.
3, 5, 2861
List the prime factors of 954.
2, 3, 53
List the prime factors of 1514.
2, 757
List the prime factors of 186808.
2, 19, 1229
What are the prime factors of 844?
2, 211
List the prime factors of 8100.
2, 3, 5
What are the prime factors of 4647?
3, 1549
List the prime factors of 47631.
3, 15877
List the prime factors of 60947.
59, 1033
List the prime factors of 764.
2, 191
What are the prime factors of 904?
2, 113
List the prime factors of 1129.
1129
What are the prime factors of 1297?
1297
What are the prime factors of 1934?
2, 967
List the prime factors of 2442.
2, 3, 11, 37
List the prime factors of 58094.
2, 31, 937
List the prime factors of 3010.
2, 5, 7, 43
List the prime factors of 3375.
3, 5
List the prime factors of 49434.
2, 3, 7, 11, 107
What are the prime factors of 2390?
2, 5, 239
List the prime factors of 82918.
2, 11, 3769
List the prime factors of 4839.
3, 1613
What are the prime factors of 1913?
1913
List the prime factors of 1359.
3, 151
List the prime factors of 78644.
2, 19661
List the prime factors of 9764.
2, 2441
List the prime factors of 2795.
5, 13, 43
What are the prime factors of 1756?
2, 439
List the prime factors of 4312.
2, 7, 11
List the prime factors of 35968.
2, 281
List the prime factors of 5113.
5113
List the prime factors of 8152.
2, 1019
List the prime factors of 16656.
2, 3, 347
What are the prime factors of 155?
5, 31
List the prime factors of 1564.
2, 17, 23
What are the prime factors of 1356?
2, 3, 113
What are the prime factors of 14173?
14173
List the prime factors of 14110.
2, 5, 17, 83
What are the prime factors of 11528?
2, 11, 131
What are the prime factors of 61560?
2, 3, 5, 19
List the prime factors of 1332.
2, 3, 37
List the prime factors of 10236.
2, 3, 853
List the prime factors of 1187.
1187
What are the prime factors of 22166?
2, 11083
What are the prime factors of 21884?
2, 5471
What are the prime factors of 485?
5, 97
What are the prime factors of 167723?
179, 937
What are the prime factors of 12720?
2, 3, 5, 53
What are the prime factors of 193?
193
What are the prime factors of 3925?
5, 157
List the prime factors of 784.
2, 7
List the prime factors of 14131.
13, 1087
What are the prime factors of 8549?
83, 103
List the prime factors of 23188.
2, 11, 17, 31
What are the prime factors of 205?
5, 41
List the prime factors of 94588.
2, 13, 17, 107
What are the prime factors of 12503?
12503
List the prime factors of 55039.
23, 2393
What are the prime factors of 61496?
2, 7687
List the prime factors of 638.
2, 11, 29
List the prime factors of 824.
2, 103
What are the prime factors of 63018?
2, 3, 389
List the prime factors of 71596.
2, 7, 2557
What are the prime factors of 24234?
2, 3, 7, 577
List the prime factors of 1116.
2, 3, 31
List the prime factors of 128074.
2, 64037
What are the prime factors of 107931?
3, 35977
What are the prime factors of 2134?
2, 11, 97
What are the prime factors of 2803?
2803
What are the prime factors of 22018?
2, 101, 109
What are the prime factors of 12302?
2, 6151
List the prime factors of 2855.
5, 571
What are the prime factors of 26926?
2, 13463
What are the prime factors of 12189?
3, 17, 239
What are the prime factors of 7088?
2, 443
What are the prime factors of 4929?
3, 31, 53
What are the prime factors of 44226?
2, 3, 7, 13
What are the prime factors of 17607?
3, 5869
List the prime factors of 743.
743
List the prime factors of 31174.
2, 11, 13, 109
List the prime factors of 1699.
1699
What are the prime factors of 29806?
2, 7, 2129
List the prime factors of 21619.
13, 1663
List the prime factors of 2039.
2039
List the prime factors of 1847.
1847
List the prime factors of 1517.
37, 41
What are the prime factors of 4743?
3, 17, 31
What are the prime factors of 1021?
1021
What are the prime factors of 13803?
3, 43, 107
What are the prime factors of 1805?
5, 19
List the prime factors of 14720.
2, 5, 23
List the prime factors of 938.
2, 7, 67
List the prime factors of 10758.
2, 3, 11, 163
List the prime factors of 61927.
61927
List the prime factors of 2324.
2, 7, 83
List the prime factors of 3430.
2, 5, 7
What are the prime factors of 3806?
2, 11, 173
List the prime factors of 3007.
31, 97
List the prime factors of 1445.
5, 17
List the prime factors of 62676.
2, 3, 1741
What are the prime factors of 13016?
2, 1627
What are the prime factors of 54322?
2, 157, 173
What are the prime factors of 305?
5, 61
What are the prime factors of 2540?
2, 5, 127
List the prime factors of 2255.
5, 11, 41
List the prime factors of 141117.
3, 17, 2767
What are the prime factors of 443?
443
List the prime factors of 12327.
3, 7, 587
What are the prime factors of 25055?
5, 5011
What are the prime factors of 58571?
37, 1583
What are the prime factors of 46025?
5, 7, 263
What are the prime factors of 342?
2, 3, 19
What are the prime factors of 123009?
3, 131, 313
List the prime factors of 9412.
2, 13, 181
What are the prime factors of 488?
2, 61
List the prime factors of 3938.
2, 11, 179
List the prime factors of 2952.
2, 3, 41
What are the prime factors of 159?
3, 53
List the prime factors of 8963.
8963
List the prime factors of 2206.
2, 1103
What are the prime factors of 156?
2, 3, 13
What are the prime factors of 183?
3, 61
List the prime factors of 24396.
2, 3, 19, 107
List the prime factors of 1662.
2, 3, 277
What are the prime factors of 6681?
3, 17, 131
List the prime factors of 13305.
3, 5, 887
List the prime factors of 2318.
2, 19, 61
What are the prime factors of 6037?
6037
What are the prime factors of 30366?
2, 3, 7, 241
What are the prime factors of 15410?
2, 5, 23, 67
What are the prime factors of 23082?
2, 3, 3847
List the prime factors of 604.
2, 151
What are the prime factors of 2583?
3, 7, 41
What are the prime factors of 36406?
2, 109, 167
What are the prime factors of 1893?
3, 631
What are the prime factors of 1485?
3, 5, 11
List the prime factors of 90575.
5, 3623
List the prime factors of 15471.
3, 191
What are the prime factors of 26301?
3, 11, 797
List the prime factors of 610.
2, 5, 61
List the prime factors of 2378.
2, 29, 41
What are the prime factors of 2382?
2, 3, 397
List the prime factors of 3020.
2, 5, 151
List the prime factors of 43643.
19, 2297
What are the prime factors of 9572?
2, 2393
What are the prime factors of 4512?
2, 3, 47
What are the prime factors of 724?
2, 181
List the prime factors of 883.
883
List the prime factors of 108189.
3, 4007
What are the prime factors of 18195?
3, 5, 1213
List the prime factors of 3419.
13, 263
List the prime factors of 150489.
3, 23, 727
List the prime factors of 5146.
2, 31, 83
What are the prime factors of 4313?
19, 227
What are the prime factors of 11358?
2, 3, 631
List the prime factors of 58468.
2, 47, 311
List the prime factors of 722.
2, 19
List the prime factors of 113106.
2, 3, 7, 2693
What are the prime factors of 6415?
5, 1283
List the prime factors of 13.
13
List the prime factors of 2605.
5, 521
List the prime factors of 838.
2, 419
What are the prime factors of 1015?
5, 7, 29
List the prime factors of 58467.
3, 19489
What are the prime factors of 332?
2, 83
List the prime factors of 571.
571
What are the prime factors of 465?
3, 5, 31
What are the prime factors of 107660?
2, 5, 7, 769
What are the prime factors of 682?
2, 11, 31
List the prime factors of 1406.
2, 19, 37
List the prime factors of 5848.
2, 17, 43
List the prime factors of 2704.
2, 13
List the prime factors of 2712.
2, 3, 113
What are the prime factors of 101716?
2, 59, 431
List the prime factors of 2597.
7, 53
What are the prime factors of 6578?
2, 11, 13, 23
List the prime factors of 19865.
5, 29, 137
What are the prime factors of 944?
2, 59
What are the prime factors of 5?
5
What are the prime factors of 3770?
2, 5, 13, 29
List the prime factors of 8884.
2, 2221
List the prime factors of 1034.
2, 11, 47
What are the prime factors of 5543?
23, 241
What are the prime factors of 4464?
2, 3, 31
What are the prime factors of 18265?
5, 13, 281
What are the prime factors of 91811?
91811
What are th